. Calculate the remainder when r is divided by 34.
33
Suppose -2*d - 3*t + 51 + 80 = 0, 5*d - t = 336. What is the remainder when d is divided by 17?
16
Let q(k) = -k**3 + 6*k**2 + 3*k + 3. What is the remainder when q(5) is divided by 11?
10
Suppose 8*f = 13*f - 240. Calculate the remainder when 189 is divided by f.
45
Let m = 187 - 105. Calculate the remainder when m is divided by 12.
10
Suppose -6*g - 5*b + 122 = -3*g, -2 = b. What is the remainder when g is divided by 23?
21
Suppose 0 = -4*j + 351 + 101. Suppose 3*i = -m - 0*m + j, 0 = -5*m + 10. Let n(w) = w**3 - w + 19. What is the remainder when i is divided by n(0)?
18
Let k = -8 - -6. Let q = k + 3. Calculate the remainder when 32 is divided by q*(13 - 6/3).
10
Suppose 2*d = 16 + 8. What is the remainder when d is divided by 8?
4
Suppose -15 = 3*g - 0*g. Let f(n) = -n - 4. Let v be f(g). What is the remainder when (2*-1 + v)*-23 is divided by 12?
11
Let c(x) = -x**2 + x + 2. Let p be c(2). Suppose j = -j + 276. Suppose p = 2*w + w - j. What is the remainder when w is divided by 16?
14
Let n = 560 - 380. Suppose -4*q = -5*q, 5*t + 2*q - n = 0. Suppose -a + 13 = 2*r, -8*a + 65 = -3*a - r. Calculate the remainder when t is divided by a.
10
Let n(t) = t + 2. Let a be n(-2). Suppose -3*v = 4*b - 2*v - 193, 4*b - 211 = 5*v. Suppose 5*j - b - 1 = a. Calculate the remainder when 29 is divided by j.
9
Suppose 2*x - 3 = 13. Let m(c) = -4*c + 29. Calculate the remainder when m(4) is divided by x.
5
Suppose 0 = 2*s + 5*v - 191, s - 281 = -2*s - 2*v. Suppose 3 = 4*t - s. What is the remainder when 9 is divided by t/5 - 4/(-20)?
4
Let a = 69 + -46. Calculate the remainder when 89 is divided by a.
20
Suppose 456 = -46*i + 50*i. What is the remainder when i is divided by 39?
36
Let z(o) = -2*o + 14. Let r be z(0). Suppose -r = -2*k - 10. What is the remainder when 5 is divided by k?
1
Suppose -3*i + 11 = -2*i. What is the remainder when 41 is divided by i?
8
Calculate the remainder when (-24)/16 + (-29)/(-2) is divided by 5.
3
Let a(c) = c**3 - c**2 + 10*c - 1. Let i be a(7). Suppose -i = -0*g - 3*g. What is the remainder when g is divided by 31?
28
Suppose 6*q - 12 = 3*q. What is the remainder when 9 is divided by q?
1
Let g(n) = 2*n**3 - 3*n**2 + n. Suppose 5*m + 9 = -1. Let v(l) = 4*l**2 + l + 2. What is the remainder when v(m) is divided by g(2)?
4
Let s = 10 - 6. Suppose 14 = 4*p + 2. Suppose -s*r = p*i - 62, -r = -i + r + 24. What is the remainder when 64 is divided by i?
20
Calculate the remainder when 109 is divided by -26*((-1)/(-1))/(-1) + 2.
25
Suppose 2*f - b = b + 36, 0 = -4*f + b + 78. Let s(j) = 11*j**2 + 2*j + 1. Let d be s(-1). What is the remainder when (-6)/15 - (-384)/d is divided by f?
18
Suppose 2*l + 4 = 3*l. Suppose -l*p = -44 - 8. Suppose o - 4*n = -0*o + 21, -3*n - 17 = -o. What is the remainder when p is divided by o?
3
Suppose -8*d + 18 = -7*d. Let x = 41 - 6. Calculate the remainder when x is divided by d.
17
Let i = -100 - -142. Calculate the remainder when i is divided by 9.
6
Suppose 5*s - 3 = 3*f, -4*s - 3*f - 2 = 1. Let r(q) = 2*q + 5. What is the remainder when 19 is divided by r(s)?
4
Let n = 27 + -22. Let x be 1*(-2 + 1) - -6. Suppose 35 + 21 = 5*g + 3*s, x*s - 11 = -2*g. What is the remainder when g is divided by n?
3
Let j(m) = -m**3 + 13*m**2 - 11*m - 1. Suppose -2*t = 5*k - 58, 5*k - 2*t - 62 = -0*k. Calculate the remainder when 4/8 + 59/2 is divided by j(k).
8
Suppose -j = h - 9, -4*h + 36 = -0*h + 3*j. Suppose h = -2*v + 51. Calculate the remainder when (183/(-6))/((-1)/2) is divided by v.
19
Let x = 41 + -19. Calculate the remainder when x is divided by 5.
2
Let x(c) = 30*c**2 - c - 1. Let d be x(-1). Let u = 57 - d. Calculate the remainder when u is divided by (-20)/3*(-15)/10.
7
Let f = 126 - 101. What is the remainder when 148 is divided by f?
23
Let h(x) = -x**2 + 9*x - 5. Let z(m) = 18*m - 4. Calculate the remainder when z(3) is divided by h(6).
11
Let t(u) = 6*u**2 - 6*u - 3. What is the remainder when t(5) is divided by (0 - 4)/(((-98)/105)/7)?
27
Suppose -4*y = -12, -3*r - 5*y + 6 = -15. Suppose 5*u - 244 = j, 68 + 20 = 2*u + r*j. Calculate the remainder when u is divided by 17.
14
Let f = 71 - 49. Let g be (-10)/(-25) - f/5. What is the remainder when 29 is divided by 57/6 + (-2)/g?
9
Let v(q) be the second derivative of q**5/20 - q**4/12 + 10*q**2 - 2*q. What is the remainder when v(0) is divided by (0 - -2) + 9/1?
9
Let u(f) = f**3 - f**2 - f + 41. What is the remainder when u(0) is divided by 21?
20
Let n(s) = s + 6. Calculate the remainder when 9 is divided by n(-4).
1
Suppose 5*x - 81 = 5*q + 24, 2*x - 5*q - 30 = 0. Suppose 6 = -a + 2*y, -a + 4*a = 3*y - 12. What is the remainder when (-1)/(a + 1) + x is divided by 14?
12
Let t = -22 - -36. Calculate the remainder when 24 is divided by t.
10
Let i be (16/10)/((-3)/(-45)). What is the remainder when 4 is divided by i/9 - (-1)/3?
1
Suppose -5*f + 482 = 4*g, -107 + 392 = 3*f + g. What is the remainder when f is divided by 32?
30
Let b be (-114)/(-14) - (-2)/(-14). Suppose -3*n - n + b = 0. What is the remainder when n is divided by 1?
0
Let t = 21 + -9. Calculate the remainder when 34 is divided by t.
10
Let m = 3 + -9. Let z be (-10)/m*(-6 + 27). Suppose 0 = -5*c - d + z, d = -4*c - 4*d + 7. Calculate the remainder when c is divided by 3.
2
Suppose 2*b = -b + 18. What is the remainder when 23 is divided by b?
5
Let u be (0/(-1) + 0)/(-4). Let d = 13 + -5. Suppose u = -y + 51 + d. What is the remainder when y is divided by 20?
19
Suppose -4*h - 3*a = -32, -5*a + 4 - 2 = 2*h. Suppose 0 = -2*v - 2*v + 80. Calculate the remainder when v is divided by h.
9
Calculate the remainder when -4*(-1 + (-21)/2) is divided by (72/(-14))/((-135)/42 - -3).
22
Suppose -4*s + 47 + 89 = 0. Calculate the remainder when s is divided by 9.
7
Let n(a) = a - 2. Let q be n(6). Suppose q*z = -z - 140. Let c = z - -59. Calculate the remainder when c is divided by 11.
9
Suppose 2*z - 18 = -4*g, -2*z + 20 = 2*g - 0*g. Suppose 80 = -5*s + 10*s. What is the remainder when z is divided by (-39)/(-12) - 4/s?
2
Suppose -118 = -3*c - 31. Let b = c - -2. Suppose b = 3*p - 8. What is the remainder when 24 is divided by p?
11
Let d = 20 + -13. Suppose 2*q + 36 = 5*u - 28, 4*q = 5*u - 68. Calculate the remainder when u is divided by d.
5
Let d(s) = -11 + s**2 - 18*s - 9 + 6*s. Calculate the remainder when d(15) is divided by 7.
4
Let r = 19 + -4. What is the remainder when r is divided by 10?
5
Suppose -2*o + 5*h + 140 = 0, h = -5*o + 6*h + 335. What is the remainder when o is divided by 34?
31
Let u = 33 - 19. Let o be (16/28)/(4/u). Suppose 4 = -2*f, 0 = -o*i - 2*i - 5*f + 142. What is the remainder when i is divided by 13?
12
Let j = 19 - -6. What is the remainder when j is divided by (-4 - -2) + (-3 - -19)?
11
Suppose 0 = 5*y - 4*t - 6, -t + 0*t = -5*y + 9. Let x be y/(-6) - 1/(-3). Suppose x = -3*b + 26 + 4. What is the remainder when 28 is divided by b?
8
Let d(p) = 7*p + 4. Suppose 3*b - 12 = -b. Let h = -34 + 82. What is the remainder when h is divided by d(b)?
23
Let z be (4/(-6))/(5/(-15)). Suppose -z*r + 3*r = 4. Let n(q) = -q**3 + 4*q**2 + q + 1. What is the remainder when n(2) is divided by r?
3
Suppose -3*p + 2*z + 259 = 0, -2*p + 177 = 2*z + z. Calculate the remainder when p is divided by 18.
15
Suppose 4*o = 3*o + 23. Suppose -5 = -2*t + o. Let g = 9 + -1. Calculate the remainder when t is divided by g.
6
Let y be (-222)/(-18) - (-4)/6. Suppose 82 - y = 3*h. Calculate the remainder when h is divided by 6.
5
Suppose 27 = 3*o + 3*b, -7*o + 3*o + 3*b + 36 = 0. Let r = -2 + 6. What is the remainder when o is divided by r?
1
Suppose 0 = 8*x - 7*x. Suppose -j - 12 = -x*j. Let w = -9 - j. Calculate the remainder when 11 is divided by w.
2
Let w = 99 - 25. Suppose 2*k - 2*x - 16 = 14, 5*k = 4*x + w. Calculate the remainder when 27 is divided by (k/(-5))/((-3)/15).
13
Suppose -208 = -2*i + 4*a, -5*i + 206 = -3*i - 2*a. Suppose -z + i = 2*z. Let b = -4 + 13. Calculate the remainder when z is divided by b.
7
Suppose 11*g - 6*g - 180 = 0. What is the remainder when 105 is divided by g?
33
Let f be (2/2)/(-1) - -73. Suppose -s = 2*h - 60, -5*h + 0*h = s - f. What is the remainder when s is divided by 18?
16
Let i = 3 + -1. Cal